{"id":246045,"date":"2023-01-04T12:04:46","date_gmt":"2023-01-04T12:04:46","guid":{"rendered":"https:\/\/babauziukai.lt\/?post_type=product&#038;p=246045"},"modified":"2026-03-13T15:03:22","modified_gmt":"2026-03-13T15:03:22","slug":"knygele-babauziukai-ir-svecias-is-kosmoso","status":"publish","type":"product","link":"https:\/\/babauziukai.lt\/index.php\/produktas\/knygele-babauziukai-ir-svecias-is-kosmoso\/","title":{"rendered":"Knygel\u0117 &#8211; Babau\u017eiukai ir sve\u010dias i\u0161 kosmoso"},"content":{"rendered":"<p>\u0160i knygel\u0117s istorija apie tai, kas vienodai svarbu kiekvienam \u2014 tiek ma\u017eam, tiek dideliam \u2014 apie tai, k\u0105 rei\u0161kia tvirta draugyst\u0117.<\/p>\n<p>Micito, Uto, Boileris ir Lazeris sutinka niekad ank\u0161\u010diau nematyt\u0105 babau\u017eiuk\u0105 &#8211; Spandeks\u0105. Jis, pasirodo, keliavo namo \u012f savo planet\u0105, bet d\u0117l technini\u0173 kli\u016b\u010di\u0173 tur\u0117jo nusileisti \u017dem\u0117je.<\/p>\n<p>Babau\u017eiukai nusprend\u017eia jam pad\u0117ti. Lazeris keliauja ie\u0161koti baterijos, Micito su Uto leid\u017eiasi \u012f nuotyk\u012f d\u0117l kvantinio kristalo, o Boileris turi parne\u0161ti kosmose neu\u017e\u0161\u0105lan\u010dio lang\u0173 plovimo skys\u010dio.<\/p>\n<p>Draug\u0173 plan\u0105 visi\u0161kai sugriauna niek\u0161as Drakaris&#8230; Nejaugi Micito, Uto,<br \/>\nLazeris in Boileris nesugalvos, kaip pad\u0117ti Spandeksui gr\u012f\u017eti \u012f savo planet\u0105?<\/p>\n<p>Ot ir sugalvos! Dar ir kaip sugalvos&#8230;<\/p>\n<p>Puslapiai: 38<br \/>\nFormatas: 21&#215;21 cm, kieti vir\u0161eliai<br \/>\nISBN: 978-609-96319-0-5<br \/>\nKalba: Lietuvi\u0173<\/p>\n","protected":false},"excerpt":{"rendered":"<p>\u0160i knygel\u0117s istorija apie tai, kas vienodai svarbu kiekvienam \u2014 tiek ma\u017eam, tiek dideliam \u2014 apie tai, k\u0105 rei\u0161kia tvirta draugyst\u0117. Micito, Uto, Boileris ir Lazeris sutinka niekad ank\u0161\u010diau nematyt\u0105 babau\u017eiuk\u0105 &#8211; Spandeks\u0105. Jis, pasirodo, keliavo namo \u012f savo planet\u0105, bet d\u0117l technini\u0173 kli\u016b\u010di\u0173 tur\u0117jo nusileisti \u017dem\u0117je. Babau\u017eiukai nusprend\u017eia jam pad\u0117ti. Lazeris keliauja ie\u0161koti baterijos, [&hellip;]<\/p>\n","protected":false},"featured_media":246139,"comment_status":"open","ping_status":"closed","template":"","meta":{"_et_pb_use_builder":"","_et_pb_old_content":"","_et_gb_content_width":""},"product_brand":[],"product_cat":[28],"product_tag":[],"class_list":{"0":"post-246045","1":"product","2":"type-product","3":"status-publish","4":"has-post-thumbnail","6":"product_cat-knygele","8":"first","9":"instock","10":"sale","11":"shipping-taxable","12":"purchasable","13":"product-type-simple"},"yoast_head":"<!-- This site is optimized with the Yoast SEO plugin v26.5 - https:\/\/yoast.com\/wordpress\/plugins\/seo\/ -->\n<title>Knygel\u0117 - Babau\u017eiukai ir sve\u010dias i\u0161 kosmoso - Babau\u017eiukai<\/title>\n<meta name=\"description\" content=\"Knygel\u0117 vaikams - Babau\u017eiukai ir sve\u010dias i\u0161 kosmoso. Autoriai: Tadas Vidmantas, Lina Vidmant\u0117\" \/>\n<meta name=\"robots\" content=\"index, follow, max-snippet:-1, max-image-preview:large, max-video-preview:-1\" \/>\n<link rel=\"canonical\" href=\"https:\/\/babauziukai.lt\/index.php\/produktas\/knygele-babauziukai-ir-svecias-is-kosmoso\/\" \/>\n<meta property=\"og:locale\" content=\"lt_LT\" \/>\n<meta property=\"og:type\" content=\"article\" \/>\n<meta property=\"og:title\" content=\"Knygel\u0117 - Babau\u017eiukai ir sve\u010dias i\u0161 kosmoso - Babau\u017eiukai\" \/>\n<meta property=\"og:description\" content=\"Knygel\u0117 vaikams - Babau\u017eiukai ir sve\u010dias i\u0161 kosmoso. Autoriai: Tadas Vidmantas, Lina Vidmant\u0117\" \/>\n<meta property=\"og:url\" content=\"https:\/\/babauziukai.lt\/index.php\/produktas\/knygele-babauziukai-ir-svecias-is-kosmoso\/\" \/>\n<meta property=\"og:site_name\" content=\"Babau\u017eiukai\" \/>\n<meta property=\"article:publisher\" content=\"https:\/\/www.facebook.com\/babauziukai\" \/>\n<meta property=\"article:modified_time\" content=\"2026-03-13T15:03:22+00:00\" \/>\n<meta property=\"og:image\" content=\"https:\/\/babauziukai.lt\/wp-content\/uploads\/2023\/01\/Babauziukai-1080x1080-1.jpg\" \/>\n\t<meta property=\"og:image:width\" content=\"1080\" \/>\n\t<meta property=\"og:image:height\" content=\"1080\" \/>\n\t<meta property=\"og:image:type\" content=\"image\/jpeg\" \/>\n<meta name=\"twitter:card\" content=\"summary_large_image\" \/>\n<meta name=\"twitter:label1\" content=\"Est. reading time\" \/>\n\t<meta name=\"twitter:data1\" content=\"1 minut\u0117\" \/>\n<script type=\"application\/ld+json\" class=\"yoast-schema-graph\">{\"@context\":\"https:\/\/schema.org\",\"@graph\":[{\"@type\":\"WebPage\",\"@id\":\"https:\/\/babauziukai.lt\/index.php\/produktas\/knygele-babauziukai-ir-svecias-is-kosmoso\/\",\"url\":\"https:\/\/babauziukai.lt\/index.php\/produktas\/knygele-babauziukai-ir-svecias-is-kosmoso\/\",\"name\":\"Knygel\u0117 - Babau\u017eiukai ir sve\u010dias i\u0161 kosmoso - Babau\u017eiukai\",\"isPartOf\":{\"@id\":\"https:\/\/babauziukai.lt\/#website\"},\"primaryImageOfPage\":{\"@id\":\"https:\/\/babauziukai.lt\/index.php\/produktas\/knygele-babauziukai-ir-svecias-is-kosmoso\/#primaryimage\"},\"image\":{\"@id\":\"https:\/\/babauziukai.lt\/index.php\/produktas\/knygele-babauziukai-ir-svecias-is-kosmoso\/#primaryimage\"},\"thumbnailUrl\":\"https:\/\/babauziukai.lt\/wp-content\/uploads\/2023\/01\/Babauziukai-1080x1080-1.jpg\",\"datePublished\":\"2023-01-04T12:04:46+00:00\",\"dateModified\":\"2026-03-13T15:03:22+00:00\",\"description\":\"Knygel\u0117 vaikams - Babau\u017eiukai ir sve\u010dias i\u0161 kosmoso. Autoriai: Tadas Vidmantas, Lina Vidmant\u0117\",\"breadcrumb\":{\"@id\":\"https:\/\/babauziukai.lt\/index.php\/produktas\/knygele-babauziukai-ir-svecias-is-kosmoso\/#breadcrumb\"},\"inLanguage\":\"lt-LT\",\"potentialAction\":[{\"@type\":\"ReadAction\",\"target\":[\"https:\/\/babauziukai.lt\/index.php\/produktas\/knygele-babauziukai-ir-svecias-is-kosmoso\/\"]}]},{\"@type\":\"ImageObject\",\"inLanguage\":\"lt-LT\",\"@id\":\"https:\/\/babauziukai.lt\/index.php\/produktas\/knygele-babauziukai-ir-svecias-is-kosmoso\/#primaryimage\",\"url\":\"https:\/\/babauziukai.lt\/wp-content\/uploads\/2023\/01\/Babauziukai-1080x1080-1.jpg\",\"contentUrl\":\"https:\/\/babauziukai.lt\/wp-content\/uploads\/2023\/01\/Babauziukai-1080x1080-1.jpg\",\"width\":1080,\"height\":1080},{\"@type\":\"BreadcrumbList\",\"@id\":\"https:\/\/babauziukai.lt\/index.php\/produktas\/knygele-babauziukai-ir-svecias-is-kosmoso\/#breadcrumb\",\"itemListElement\":[{\"@type\":\"ListItem\",\"position\":1,\"name\":\"Home\",\"item\":\"https:\/\/babauziukai.lt\/\"},{\"@type\":\"ListItem\",\"position\":2,\"name\":\"testas\",\"item\":\"https:\/\/babauziukai.lt\/index.php\/testas\/\"},{\"@type\":\"ListItem\",\"position\":3,\"name\":\"Knygel\u0117 &#8211; Babau\u017eiukai ir sve\u010dias i\u0161 kosmoso\"}]},{\"@type\":\"WebSite\",\"@id\":\"https:\/\/babauziukai.lt\/#website\",\"url\":\"https:\/\/babauziukai.lt\/\",\"name\":\"Babau\u017eiukai\",\"description\":\"Septynios fantasti\u0161kos istorijos\",\"publisher\":{\"@id\":\"https:\/\/babauziukai.lt\/#organization\"},\"potentialAction\":[{\"@type\":\"SearchAction\",\"target\":{\"@type\":\"EntryPoint\",\"urlTemplate\":\"https:\/\/babauziukai.lt\/?s={search_term_string}\"},\"query-input\":{\"@type\":\"PropertyValueSpecification\",\"valueRequired\":true,\"valueName\":\"search_term_string\"}}],\"inLanguage\":\"lt-LT\"},{\"@type\":\"Organization\",\"@id\":\"https:\/\/babauziukai.lt\/#organization\",\"name\":\"Babauziukai\",\"url\":\"https:\/\/babauziukai.lt\/\",\"logo\":{\"@type\":\"ImageObject\",\"inLanguage\":\"lt-LT\",\"@id\":\"https:\/\/babauziukai.lt\/#\/schema\/logo\/image\/\",\"url\":\"https:\/\/babauziukai.lt\/wp-content\/uploads\/2022\/07\/cropped-VEIDUKAS.png\",\"contentUrl\":\"https:\/\/babauziukai.lt\/wp-content\/uploads\/2022\/07\/cropped-VEIDUKAS.png\",\"width\":512,\"height\":512,\"caption\":\"Babauziukai\"},\"image\":{\"@id\":\"https:\/\/babauziukai.lt\/#\/schema\/logo\/image\/\"},\"sameAs\":[\"https:\/\/www.facebook.com\/babauziukai\",\"https:\/\/www.instagram.com\/babauziukai_filmas\/\"]}]}<\/script>\n<!-- \/ Yoast SEO plugin. -->","yoast_head_json":{"title":"Knygel\u0117 - Babau\u017eiukai ir sve\u010dias i\u0161 kosmoso - Babau\u017eiukai","description":"Knygel\u0117 vaikams - Babau\u017eiukai ir sve\u010dias i\u0161 kosmoso. Autoriai: Tadas Vidmantas, Lina Vidmant\u0117","robots":{"index":"index","follow":"follow","max-snippet":"max-snippet:-1","max-image-preview":"max-image-preview:large","max-video-preview":"max-video-preview:-1"},"canonical":"https:\/\/babauziukai.lt\/index.php\/produktas\/knygele-babauziukai-ir-svecias-is-kosmoso\/","og_locale":"lt_LT","og_type":"article","og_title":"Knygel\u0117 - Babau\u017eiukai ir sve\u010dias i\u0161 kosmoso - Babau\u017eiukai","og_description":"Knygel\u0117 vaikams - Babau\u017eiukai ir sve\u010dias i\u0161 kosmoso. Autoriai: Tadas Vidmantas, Lina Vidmant\u0117","og_url":"https:\/\/babauziukai.lt\/index.php\/produktas\/knygele-babauziukai-ir-svecias-is-kosmoso\/","og_site_name":"Babau\u017eiukai","article_publisher":"https:\/\/www.facebook.com\/babauziukai","article_modified_time":"2026-03-13T15:03:22+00:00","og_image":[{"width":1080,"height":1080,"url":"https:\/\/babauziukai.lt\/wp-content\/uploads\/2023\/01\/Babauziukai-1080x1080-1.jpg","type":"image\/jpeg"}],"twitter_card":"summary_large_image","twitter_misc":{"Est. reading time":"1 minut\u0117"},"schema":{"@context":"https:\/\/schema.org","@graph":[{"@type":"WebPage","@id":"https:\/\/babauziukai.lt\/index.php\/produktas\/knygele-babauziukai-ir-svecias-is-kosmoso\/","url":"https:\/\/babauziukai.lt\/index.php\/produktas\/knygele-babauziukai-ir-svecias-is-kosmoso\/","name":"Knygel\u0117 - Babau\u017eiukai ir sve\u010dias i\u0161 kosmoso - Babau\u017eiukai","isPartOf":{"@id":"https:\/\/babauziukai.lt\/#website"},"primaryImageOfPage":{"@id":"https:\/\/babauziukai.lt\/index.php\/produktas\/knygele-babauziukai-ir-svecias-is-kosmoso\/#primaryimage"},"image":{"@id":"https:\/\/babauziukai.lt\/index.php\/produktas\/knygele-babauziukai-ir-svecias-is-kosmoso\/#primaryimage"},"thumbnailUrl":"https:\/\/babauziukai.lt\/wp-content\/uploads\/2023\/01\/Babauziukai-1080x1080-1.jpg","datePublished":"2023-01-04T12:04:46+00:00","dateModified":"2026-03-13T15:03:22+00:00","description":"Knygel\u0117 vaikams - Babau\u017eiukai ir sve\u010dias i\u0161 kosmoso. Autoriai: Tadas Vidmantas, Lina Vidmant\u0117","breadcrumb":{"@id":"https:\/\/babauziukai.lt\/index.php\/produktas\/knygele-babauziukai-ir-svecias-is-kosmoso\/#breadcrumb"},"inLanguage":"lt-LT","potentialAction":[{"@type":"ReadAction","target":["https:\/\/babauziukai.lt\/index.php\/produktas\/knygele-babauziukai-ir-svecias-is-kosmoso\/"]}]},{"@type":"ImageObject","inLanguage":"lt-LT","@id":"https:\/\/babauziukai.lt\/index.php\/produktas\/knygele-babauziukai-ir-svecias-is-kosmoso\/#primaryimage","url":"https:\/\/babauziukai.lt\/wp-content\/uploads\/2023\/01\/Babauziukai-1080x1080-1.jpg","contentUrl":"https:\/\/babauziukai.lt\/wp-content\/uploads\/2023\/01\/Babauziukai-1080x1080-1.jpg","width":1080,"height":1080},{"@type":"BreadcrumbList","@id":"https:\/\/babauziukai.lt\/index.php\/produktas\/knygele-babauziukai-ir-svecias-is-kosmoso\/#breadcrumb","itemListElement":[{"@type":"ListItem","position":1,"name":"Home","item":"https:\/\/babauziukai.lt\/"},{"@type":"ListItem","position":2,"name":"testas","item":"https:\/\/babauziukai.lt\/index.php\/testas\/"},{"@type":"ListItem","position":3,"name":"Knygel\u0117 &#8211; Babau\u017eiukai ir sve\u010dias i\u0161 kosmoso"}]},{"@type":"WebSite","@id":"https:\/\/babauziukai.lt\/#website","url":"https:\/\/babauziukai.lt\/","name":"Babau\u017eiukai","description":"Septynios fantasti\u0161kos istorijos","publisher":{"@id":"https:\/\/babauziukai.lt\/#organization"},"potentialAction":[{"@type":"SearchAction","target":{"@type":"EntryPoint","urlTemplate":"https:\/\/babauziukai.lt\/?s={search_term_string}"},"query-input":{"@type":"PropertyValueSpecification","valueRequired":true,"valueName":"search_term_string"}}],"inLanguage":"lt-LT"},{"@type":"Organization","@id":"https:\/\/babauziukai.lt\/#organization","name":"Babauziukai","url":"https:\/\/babauziukai.lt\/","logo":{"@type":"ImageObject","inLanguage":"lt-LT","@id":"https:\/\/babauziukai.lt\/#\/schema\/logo\/image\/","url":"https:\/\/babauziukai.lt\/wp-content\/uploads\/2022\/07\/cropped-VEIDUKAS.png","contentUrl":"https:\/\/babauziukai.lt\/wp-content\/uploads\/2022\/07\/cropped-VEIDUKAS.png","width":512,"height":512,"caption":"Babauziukai"},"image":{"@id":"https:\/\/babauziukai.lt\/#\/schema\/logo\/image\/"},"sameAs":["https:\/\/www.facebook.com\/babauziukai","https:\/\/www.instagram.com\/babauziukai_filmas\/"]}]}},"_links":{"self":[{"href":"https:\/\/babauziukai.lt\/index.php\/wp-json\/wp\/v2\/product\/246045","targetHints":{"allow":["GET"]}}],"collection":[{"href":"https:\/\/babauziukai.lt\/index.php\/wp-json\/wp\/v2\/product"}],"about":[{"href":"https:\/\/babauziukai.lt\/index.php\/wp-json\/wp\/v2\/types\/product"}],"replies":[{"embeddable":true,"href":"https:\/\/babauziukai.lt\/index.php\/wp-json\/wp\/v2\/comments?post=246045"}],"wp:featuredmedia":[{"embeddable":true,"href":"https:\/\/babauziukai.lt\/index.php\/wp-json\/wp\/v2\/media\/246139"}],"wp:attachment":[{"href":"https:\/\/babauziukai.lt\/index.php\/wp-json\/wp\/v2\/media?parent=246045"}],"wp:term":[{"taxonomy":"product_brand","embeddable":true,"href":"https:\/\/babauziukai.lt\/index.php\/wp-json\/wp\/v2\/product_brand?post=246045"},{"taxonomy":"product_cat","embeddable":true,"href":"https:\/\/babauziukai.lt\/index.php\/wp-json\/wp\/v2\/product_cat?post=246045"},{"taxonomy":"product_tag","embeddable":true,"href":"https:\/\/babauziukai.lt\/index.php\/wp-json\/wp\/v2\/product_tag?post=246045"}],"curies":[{"name":"wp","href":"https:\/\/api.w.org\/{rel}","templated":true}]}}