{"id":246830,"date":"2025-03-10T16:31:44","date_gmt":"2025-03-10T16:31:44","guid":{"rendered":"https:\/\/babauziukai.lt\/?post_type=product&#038;p=246830"},"modified":"2026-03-02T21:00:19","modified_gmt":"2026-03-02T21:00:19","slug":"knygele-kaip-uto-zaibais-visus-tranke","status":"publish","type":"product","link":"https:\/\/babauziukai.lt\/index.php\/produktas\/knygele-kaip-uto-zaibais-visus-tranke\/","title":{"rendered":"Knygel\u0117 &#8211; Kaip Uto \u017eaibais visus trank\u0117"},"content":{"rendered":"<p>Uto i\u0161moko plaukti!<\/p>\n<p>Bet i\u0161mokus niekaip negal\u0117jo sustoti ir laiku i\u0161lipti is vandens, tod\u0117l pirm\u0105 kart\u0105 gyvenime per\u0161alo.<\/p>\n<p>Ji dar niekada nesirgo, todel net ne\u017einojo, kas tai yra.<\/p>\n<p>O dabar su\u017einojo ne tik ji, bet ir jos draugai&#8230; Pasirodo, kai Uto \u010diaudo, ji nevalingai \u0161audo \u017eaibus i\u0161 savo anten\u0173.<\/p>\n<p>Draugai turi pad\u0117ti jai i\u0161spr\u0119sti \u0161i\u0105 problem\u0105, nes kitaip jie gali ir susipykti.<\/p>\n<p>N\u0117ra malonu, kai draugas tave \u017eaibu pavai\u0161ina.<\/p>\n<p>Net jeigu ir nety\u010dia.<\/p>\n<p>Naujas nuotykis, naujoje babauziuk\u0173 knygel\u0117je \u201eKaip Uto \u017eaibais visus trank\u0117\u201c.<\/p>\n<p>Puslapiai: 38<br \/>\nFormatas: 21\u00d721 cm, kieti vir\u0161eliai<br \/>\nISBN: 978-609-96319-1-2<br \/>\nKalba: Lietuvi\u0173<\/p>\n","protected":false},"excerpt":{"rendered":"<p>Uto i\u0161moko plaukti! Bet i\u0161mokus niekaip negal\u0117jo sustoti ir laiku i\u0161lipti is vandens, tod\u0117l pirm\u0105 kart\u0105 gyvenime per\u0161alo. Ji dar niekada nesirgo, todel net ne\u017einojo, kas tai yra. O dabar su\u017einojo ne tik ji, bet ir jos draugai&#8230; Pasirodo, kai Uto \u010diaudo, ji nevalingai \u0161audo \u017eaibus i\u0161 savo anten\u0173. Draugai turi pad\u0117ti jai i\u0161spr\u0119sti \u0161i\u0105 [&hellip;]<\/p>\n","protected":false},"featured_media":246831,"comment_status":"open","ping_status":"closed","template":"","meta":{"_et_pb_use_builder":"","_et_pb_old_content":"","_et_gb_content_width":""},"product_brand":[],"product_cat":[29],"product_tag":[],"class_list":{"0":"post-246830","1":"product","2":"type-product","3":"status-publish","4":"has-post-thumbnail","6":"product_cat-knygele-2","8":"first","9":"instock","10":"shipping-taxable","11":"purchasable","12":"product-type-simple"},"yoast_head":"<!-- This site is optimized with the Yoast SEO plugin v26.5 - https:\/\/yoast.com\/wordpress\/plugins\/seo\/ -->\n<title>Knygel\u0117 - Kaip Uto \u017eaibais visus trank\u0117 - Babau\u017eiukai<\/title>\n<meta name=\"description\" content=\"Knygel\u0117 vaikams - Babau\u017eiukai. Kaip Uto \u017eaibais visus trank\u0117 Autoriai: Tadas Vidmantas, Lina Vidmant\u0117\" \/>\n<meta name=\"robots\" content=\"index, follow, max-snippet:-1, max-image-preview:large, max-video-preview:-1\" \/>\n<link rel=\"canonical\" href=\"https:\/\/babauziukai.lt\/index.php\/produktas\/knygele-kaip-uto-zaibais-visus-tranke\/\" \/>\n<meta property=\"og:locale\" content=\"lt_LT\" \/>\n<meta property=\"og:type\" content=\"article\" \/>\n<meta property=\"og:title\" content=\"Knygel\u0117 - Kaip Uto \u017eaibais visus trank\u0117 - Babau\u017eiukai\" \/>\n<meta property=\"og:description\" content=\"Knygel\u0117 vaikams - Babau\u017eiukai. Kaip Uto \u017eaibais visus trank\u0117 Autoriai: Tadas Vidmantas, Lina Vidmant\u0117\" \/>\n<meta property=\"og:url\" content=\"https:\/\/babauziukai.lt\/index.php\/produktas\/knygele-kaip-uto-zaibais-visus-tranke\/\" \/>\n<meta property=\"og:site_name\" content=\"Babau\u017eiukai\" \/>\n<meta property=\"article:publisher\" content=\"https:\/\/www.facebook.com\/babauziukai\" \/>\n<meta property=\"article:modified_time\" content=\"2026-03-02T21:00:19+00:00\" \/>\n<meta property=\"og:image\" content=\"https:\/\/babauziukai.lt\/wp-content\/uploads\/2025\/03\/WhatsApp-Image-2025-03-10-at-18.28.57_2573cc3d.jpg\" \/>\n\t<meta property=\"og:image:width\" content=\"1380\" \/>\n\t<meta property=\"og:image:height\" content=\"1462\" \/>\n\t<meta property=\"og:image:type\" content=\"image\/jpeg\" \/>\n<meta name=\"twitter:card\" content=\"summary_large_image\" \/>\n<meta name=\"twitter:label1\" content=\"Est. reading time\" \/>\n\t<meta name=\"twitter:data1\" content=\"1 minut\u0117\" \/>\n<script type=\"application\/ld+json\" class=\"yoast-schema-graph\">{\"@context\":\"https:\/\/schema.org\",\"@graph\":[{\"@type\":\"WebPage\",\"@id\":\"https:\/\/babauziukai.lt\/index.php\/produktas\/knygele-kaip-uto-zaibais-visus-tranke\/\",\"url\":\"https:\/\/babauziukai.lt\/index.php\/produktas\/knygele-kaip-uto-zaibais-visus-tranke\/\",\"name\":\"Knygel\u0117 - Kaip Uto \u017eaibais visus trank\u0117 - Babau\u017eiukai\",\"isPartOf\":{\"@id\":\"https:\/\/babauziukai.lt\/#website\"},\"primaryImageOfPage\":{\"@id\":\"https:\/\/babauziukai.lt\/index.php\/produktas\/knygele-kaip-uto-zaibais-visus-tranke\/#primaryimage\"},\"image\":{\"@id\":\"https:\/\/babauziukai.lt\/index.php\/produktas\/knygele-kaip-uto-zaibais-visus-tranke\/#primaryimage\"},\"thumbnailUrl\":\"https:\/\/babauziukai.lt\/wp-content\/uploads\/2025\/03\/WhatsApp-Image-2025-03-10-at-18.28.57_2573cc3d.jpg\",\"datePublished\":\"2025-03-10T16:31:44+00:00\",\"dateModified\":\"2026-03-02T21:00:19+00:00\",\"description\":\"Knygel\u0117 vaikams - Babau\u017eiukai. Kaip Uto \u017eaibais visus trank\u0117 Autoriai: Tadas Vidmantas, Lina Vidmant\u0117\",\"breadcrumb\":{\"@id\":\"https:\/\/babauziukai.lt\/index.php\/produktas\/knygele-kaip-uto-zaibais-visus-tranke\/#breadcrumb\"},\"inLanguage\":\"lt-LT\",\"potentialAction\":[{\"@type\":\"ReadAction\",\"target\":[\"https:\/\/babauziukai.lt\/index.php\/produktas\/knygele-kaip-uto-zaibais-visus-tranke\/\"]}]},{\"@type\":\"ImageObject\",\"inLanguage\":\"lt-LT\",\"@id\":\"https:\/\/babauziukai.lt\/index.php\/produktas\/knygele-kaip-uto-zaibais-visus-tranke\/#primaryimage\",\"url\":\"https:\/\/babauziukai.lt\/wp-content\/uploads\/2025\/03\/WhatsApp-Image-2025-03-10-at-18.28.57_2573cc3d.jpg\",\"contentUrl\":\"https:\/\/babauziukai.lt\/wp-content\/uploads\/2025\/03\/WhatsApp-Image-2025-03-10-at-18.28.57_2573cc3d.jpg\",\"width\":1380,\"height\":1462},{\"@type\":\"BreadcrumbList\",\"@id\":\"https:\/\/babauziukai.lt\/index.php\/produktas\/knygele-kaip-uto-zaibais-visus-tranke\/#breadcrumb\",\"itemListElement\":[{\"@type\":\"ListItem\",\"position\":1,\"name\":\"Home\",\"item\":\"https:\/\/babauziukai.lt\/\"},{\"@type\":\"ListItem\",\"position\":2,\"name\":\"testas\",\"item\":\"https:\/\/babauziukai.lt\/index.php\/testas\/\"},{\"@type\":\"ListItem\",\"position\":3,\"name\":\"Knygel\u0117 &#8211; Kaip Uto \u017eaibais visus trank\u0117\"}]},{\"@type\":\"WebSite\",\"@id\":\"https:\/\/babauziukai.lt\/#website\",\"url\":\"https:\/\/babauziukai.lt\/\",\"name\":\"Babau\u017eiukai\",\"description\":\"Septynios fantasti\u0161kos istorijos\",\"publisher\":{\"@id\":\"https:\/\/babauziukai.lt\/#organization\"},\"potentialAction\":[{\"@type\":\"SearchAction\",\"target\":{\"@type\":\"EntryPoint\",\"urlTemplate\":\"https:\/\/babauziukai.lt\/?s={search_term_string}\"},\"query-input\":{\"@type\":\"PropertyValueSpecification\",\"valueRequired\":true,\"valueName\":\"search_term_string\"}}],\"inLanguage\":\"lt-LT\"},{\"@type\":\"Organization\",\"@id\":\"https:\/\/babauziukai.lt\/#organization\",\"name\":\"Babauziukai\",\"url\":\"https:\/\/babauziukai.lt\/\",\"logo\":{\"@type\":\"ImageObject\",\"inLanguage\":\"lt-LT\",\"@id\":\"https:\/\/babauziukai.lt\/#\/schema\/logo\/image\/\",\"url\":\"https:\/\/babauziukai.lt\/wp-content\/uploads\/2022\/07\/cropped-VEIDUKAS.png\",\"contentUrl\":\"https:\/\/babauziukai.lt\/wp-content\/uploads\/2022\/07\/cropped-VEIDUKAS.png\",\"width\":512,\"height\":512,\"caption\":\"Babauziukai\"},\"image\":{\"@id\":\"https:\/\/babauziukai.lt\/#\/schema\/logo\/image\/\"},\"sameAs\":[\"https:\/\/www.facebook.com\/babauziukai\",\"https:\/\/www.instagram.com\/babauziukai_filmas\/\"]}]}<\/script>\n<!-- \/ Yoast SEO plugin. -->","yoast_head_json":{"title":"Knygel\u0117 - Kaip Uto \u017eaibais visus trank\u0117 - Babau\u017eiukai","description":"Knygel\u0117 vaikams - Babau\u017eiukai. Kaip Uto \u017eaibais visus trank\u0117 Autoriai: Tadas Vidmantas, Lina Vidmant\u0117","robots":{"index":"index","follow":"follow","max-snippet":"max-snippet:-1","max-image-preview":"max-image-preview:large","max-video-preview":"max-video-preview:-1"},"canonical":"https:\/\/babauziukai.lt\/index.php\/produktas\/knygele-kaip-uto-zaibais-visus-tranke\/","og_locale":"lt_LT","og_type":"article","og_title":"Knygel\u0117 - Kaip Uto \u017eaibais visus trank\u0117 - Babau\u017eiukai","og_description":"Knygel\u0117 vaikams - Babau\u017eiukai. Kaip Uto \u017eaibais visus trank\u0117 Autoriai: Tadas Vidmantas, Lina Vidmant\u0117","og_url":"https:\/\/babauziukai.lt\/index.php\/produktas\/knygele-kaip-uto-zaibais-visus-tranke\/","og_site_name":"Babau\u017eiukai","article_publisher":"https:\/\/www.facebook.com\/babauziukai","article_modified_time":"2026-03-02T21:00:19+00:00","og_image":[{"width":1380,"height":1462,"url":"https:\/\/babauziukai.lt\/wp-content\/uploads\/2025\/03\/WhatsApp-Image-2025-03-10-at-18.28.57_2573cc3d.jpg","type":"image\/jpeg"}],"twitter_card":"summary_large_image","twitter_misc":{"Est. reading time":"1 minut\u0117"},"schema":{"@context":"https:\/\/schema.org","@graph":[{"@type":"WebPage","@id":"https:\/\/babauziukai.lt\/index.php\/produktas\/knygele-kaip-uto-zaibais-visus-tranke\/","url":"https:\/\/babauziukai.lt\/index.php\/produktas\/knygele-kaip-uto-zaibais-visus-tranke\/","name":"Knygel\u0117 - Kaip Uto \u017eaibais visus trank\u0117 - Babau\u017eiukai","isPartOf":{"@id":"https:\/\/babauziukai.lt\/#website"},"primaryImageOfPage":{"@id":"https:\/\/babauziukai.lt\/index.php\/produktas\/knygele-kaip-uto-zaibais-visus-tranke\/#primaryimage"},"image":{"@id":"https:\/\/babauziukai.lt\/index.php\/produktas\/knygele-kaip-uto-zaibais-visus-tranke\/#primaryimage"},"thumbnailUrl":"https:\/\/babauziukai.lt\/wp-content\/uploads\/2025\/03\/WhatsApp-Image-2025-03-10-at-18.28.57_2573cc3d.jpg","datePublished":"2025-03-10T16:31:44+00:00","dateModified":"2026-03-02T21:00:19+00:00","description":"Knygel\u0117 vaikams - Babau\u017eiukai. Kaip Uto \u017eaibais visus trank\u0117 Autoriai: Tadas Vidmantas, Lina Vidmant\u0117","breadcrumb":{"@id":"https:\/\/babauziukai.lt\/index.php\/produktas\/knygele-kaip-uto-zaibais-visus-tranke\/#breadcrumb"},"inLanguage":"lt-LT","potentialAction":[{"@type":"ReadAction","target":["https:\/\/babauziukai.lt\/index.php\/produktas\/knygele-kaip-uto-zaibais-visus-tranke\/"]}]},{"@type":"ImageObject","inLanguage":"lt-LT","@id":"https:\/\/babauziukai.lt\/index.php\/produktas\/knygele-kaip-uto-zaibais-visus-tranke\/#primaryimage","url":"https:\/\/babauziukai.lt\/wp-content\/uploads\/2025\/03\/WhatsApp-Image-2025-03-10-at-18.28.57_2573cc3d.jpg","contentUrl":"https:\/\/babauziukai.lt\/wp-content\/uploads\/2025\/03\/WhatsApp-Image-2025-03-10-at-18.28.57_2573cc3d.jpg","width":1380,"height":1462},{"@type":"BreadcrumbList","@id":"https:\/\/babauziukai.lt\/index.php\/produktas\/knygele-kaip-uto-zaibais-visus-tranke\/#breadcrumb","itemListElement":[{"@type":"ListItem","position":1,"name":"Home","item":"https:\/\/babauziukai.lt\/"},{"@type":"ListItem","position":2,"name":"testas","item":"https:\/\/babauziukai.lt\/index.php\/testas\/"},{"@type":"ListItem","position":3,"name":"Knygel\u0117 &#8211; Kaip Uto \u017eaibais visus trank\u0117"}]},{"@type":"WebSite","@id":"https:\/\/babauziukai.lt\/#website","url":"https:\/\/babauziukai.lt\/","name":"Babau\u017eiukai","description":"Septynios fantasti\u0161kos istorijos","publisher":{"@id":"https:\/\/babauziukai.lt\/#organization"},"potentialAction":[{"@type":"SearchAction","target":{"@type":"EntryPoint","urlTemplate":"https:\/\/babauziukai.lt\/?s={search_term_string}"},"query-input":{"@type":"PropertyValueSpecification","valueRequired":true,"valueName":"search_term_string"}}],"inLanguage":"lt-LT"},{"@type":"Organization","@id":"https:\/\/babauziukai.lt\/#organization","name":"Babauziukai","url":"https:\/\/babauziukai.lt\/","logo":{"@type":"ImageObject","inLanguage":"lt-LT","@id":"https:\/\/babauziukai.lt\/#\/schema\/logo\/image\/","url":"https:\/\/babauziukai.lt\/wp-content\/uploads\/2022\/07\/cropped-VEIDUKAS.png","contentUrl":"https:\/\/babauziukai.lt\/wp-content\/uploads\/2022\/07\/cropped-VEIDUKAS.png","width":512,"height":512,"caption":"Babauziukai"},"image":{"@id":"https:\/\/babauziukai.lt\/#\/schema\/logo\/image\/"},"sameAs":["https:\/\/www.facebook.com\/babauziukai","https:\/\/www.instagram.com\/babauziukai_filmas\/"]}]}},"_links":{"self":[{"href":"https:\/\/babauziukai.lt\/index.php\/wp-json\/wp\/v2\/product\/246830","targetHints":{"allow":["GET"]}}],"collection":[{"href":"https:\/\/babauziukai.lt\/index.php\/wp-json\/wp\/v2\/product"}],"about":[{"href":"https:\/\/babauziukai.lt\/index.php\/wp-json\/wp\/v2\/types\/product"}],"replies":[{"embeddable":true,"href":"https:\/\/babauziukai.lt\/index.php\/wp-json\/wp\/v2\/comments?post=246830"}],"wp:featuredmedia":[{"embeddable":true,"href":"https:\/\/babauziukai.lt\/index.php\/wp-json\/wp\/v2\/media\/246831"}],"wp:attachment":[{"href":"https:\/\/babauziukai.lt\/index.php\/wp-json\/wp\/v2\/media?parent=246830"}],"wp:term":[{"taxonomy":"product_brand","embeddable":true,"href":"https:\/\/babauziukai.lt\/index.php\/wp-json\/wp\/v2\/product_brand?post=246830"},{"taxonomy":"product_cat","embeddable":true,"href":"https:\/\/babauziukai.lt\/index.php\/wp-json\/wp\/v2\/product_cat?post=246830"},{"taxonomy":"product_tag","embeddable":true,"href":"https:\/\/babauziukai.lt\/index.php\/wp-json\/wp\/v2\/product_tag?post=246830"}],"curies":[{"name":"wp","href":"https:\/\/api.w.org\/{rel}","templated":true}]}}